64307
What are the prime factors of 3379001718?
2, 3, 563166953
List the prime factors of 18748915.
5, 19, 151, 1307
List the prime factors of 63555533.
53, 137, 8753
What are the prime factors of 33979847?
11, 19, 43, 199
List the prime factors of 1395838679.
2731, 511109
List the prime factors of 30268093.
30268093
What are the prime factors of 231660659?
1231, 188189
What are the prime factors of 1478615?
5, 73, 4051
List the prime factors of 3456000306.
2, 3, 11, 1586777
List the prime factors of 3906860063.
23, 73, 157, 14821
What are the prime factors of 22995057?
3, 29, 53, 4987
What are the prime factors of 90163096?
2, 11270387
What are the prime factors of 1701425088?
2, 3, 11, 29837
What are the prime factors of 495318914?
2, 5683, 43579
List the prime factors of 670547234.
2, 7, 193, 248167
What are the prime factors of 81448565?
5, 11, 1480883
What are the prime factors of 896886451?
29, 31, 997649
What are the prime factors of 429656792?
2, 191, 281189
List the prime factors of 178454042.
2, 13, 19, 31, 43, 271
What are the prime factors of 1180727041?
13, 61, 83, 17939
List the prime factors of 655980575.
5, 26239223
List the prime factors of 2980261560.
2, 3, 5, 29, 431, 1987
What are the prime factors of 2697254961?
3, 21727, 41381
List the prime factors of 111230534.
2, 197, 282311
List the prime factors of 1535438946.
2, 3, 17, 15053323
What are the prime factors of 30771907?
23, 1337909
What are the prime factors of 86528394?
2, 3, 19, 113, 2239
List the prime factors of 517533755.
5, 103506751
List the prime factors of 332938986.
2, 3, 55489831
What are the prime factors of 1403507657?
1403507657
List the prime factors of 130842160.
2, 5, 53, 30859
What are the prime factors of 16792904?
2, 251, 8363
List the prime factors of 3620371361.
101, 35845261
List the prime factors of 74621462.
2, 997, 37423
List the prime factors of 13773095.
5, 7, 393517
What are the prime factors of 44488002?
2, 3, 13, 570359
What are the prime factors of 1310763113?
11, 10832753
What are the prime factors of 87151236?
2, 3, 7262603
What are the prime factors of 72167993?
72167993
List the prime factors of 4029909899.
19, 167, 1270063
What are the prime factors of 341314878?
2, 3, 56885813
List the prime factors of 3968065644.
2, 3, 1459, 226643
List the prime factors of 2486858397.
3, 828952799
What are the prime factors of 409606138?
2, 409, 500741
What are the prime factors of 1398428321?
31, 45110591
List the prime factors of 57519008.
2, 1797469
What are the prime factors of 235666167?
3, 11, 137, 52127
List the prime factors of 1543490886.
2, 3, 7, 1877, 2797
List the prime factors of 1807695252.
2, 3, 11, 1521629
What are the prime factors of 329369208?
2, 3, 7, 1960531
What are the prime factors of 32734733?
73, 448421
What are the prime factors of 27449167?
19, 29, 31, 1607
What are the prime factors of 146948449?
23, 173, 36931
What are the prime factors of 74552478?
2, 3, 7, 11, 13, 12413
List the prime factors of 1254323240.
2, 5, 17, 31, 157, 379
What are the prime factors of 605570343?
3, 7, 2383, 12101
What are the prime factors of 1420238550?
2, 3, 5, 9468257
List the prime factors of 183039954.
2, 3, 739, 41281
List the prime factors of 884834023.
31, 920743
What are the prime factors of 303071066?
2, 31, 53, 149, 619
What are the prime factors of 1308010225?
5, 52320409
What are the prime factors of 2655038278?
2, 7559, 175621
List the prime factors of 118464857.
7, 17, 31, 1889
What are the prime factors of 4968616858?
2, 1667, 1490287
List the prime factors of 1707060257.
7, 47, 5188633
List the prime factors of 192877034.
2, 7, 23, 85571
What are the prime factors of 931748856?
2, 3, 1321, 29389
What are the prime factors of 1753394025?
3, 5, 17, 1375211
What are the prime factors of 295324000?
2, 5, 17, 43, 101
List the prime factors of 1669631720.
2, 5, 41740793
List the prime factors of 7955473.
17, 43, 10883
List the prime factors of 49395660.
2, 3, 5, 823261
List the prime factors of 932669126.
2, 466334563
What are the prime factors of 51339666?
2, 3, 7, 1222373
What are the prime factors of 3687506850?
2, 3, 5, 229, 107351
What are the prime factors of 6159686?
2, 13, 19, 37, 337
What are the prime factors of 4263250150?
2, 5, 47, 557, 3257
List the prime factors of 781534465.
5, 101, 1547593
What are the prime factors of 22647718?
2, 3083, 3673
What are the prime factors of 318426835?
5, 23, 59, 71, 661
List the prime factors of 79300797.
3, 47, 562417
List the prime factors of 3003891250.
2, 5, 37, 107, 607
What are the prime factors of 472713129?
3, 7, 7503383
What are the prime factors of 376422474?
2, 3, 89, 131, 5381
What are the prime factors of 1145123260?
2, 5, 31, 73, 25301
List the prime factors of 3061415892.
2, 3, 53, 73, 233, 283
List the prime factors of 14891156.
2, 7, 531827
List the prime factors of 223889124.
2, 3, 101, 184727
What are the prime factors of 2048379216?
2, 3, 13, 1229, 2671
List the prime factors of 88928594.
2, 53, 838949
List the prime factors of 34974805.
5, 37, 97, 1949
What are the prime factors of 1572799661?
61, 25783601
List the prime factors of 144983620.
2, 5, 53, 136777
What are the prime factors of 623667367?
623667367
What are the prime factors of 112200282?
2, 3, 19, 109357
List the prime factors of 14805905.
5, 23, 128747
What are the prime factors of 171538383?
3, 41, 1087, 1283
What are the prime factors of 11108093?
11108093
List the prime factors of 175333791.
3, 251, 232847
What are the prime factors of 564721345?
5, 112944269
List the prime factors of 38451220.
2, 5, 1922561
What are the prime factors of 1718853190?
2, 5, 43, 1409, 2837
List the prime factors of 61777604.
2, 7, 677, 3259
List the prime factors of 2170745.
5, 41, 10589
What are the prime factors of 9537919950?
2, 3, 5, 13, 4891241
List the prime factors of 1849327612.
2, 11, 47, 894259
List the prime factors of 8292148244.
2, 2073037061
What are the prime factors of 88581059?
7, 19, 666023
What are the prime factors of 501557410?
2, 5, 50155741
What are the prime factors of 43850223?
3, 1879, 2593
List the prime factors of 186426000.
2, 3, 5, 10357
What are the prime factors of 233248038?
2, 3, 67, 580219
What are the prime factors of 232790961?
3, 13, 101, 113, 523
What are the prime factors of 366538189?
23, 1229, 12967
List the prime factors of 1079069796.
2, 3, 7, 1427341
What are the prime factors of 9002893838?
2, 4501446919
What are the prime factors of 75178980?
2, 3, 5, 59, 7079
What are the prime factors of 263795705?
5, 167, 431, 733
What are the prime factors of 759099732?
2, 3, 63258311
What are the prime factors of 44768048?
2, 13, 101, 2131
List the prime factors of 50279598.
2, 3, 431, 6481
List the prime factors of 1949322467.
37, 821, 64171
List the prime factors of 206276537.
206276537
What are the prime factors of 2404421871?
3, 29, 337, 82009
What are the prime factors of 144622321?
23, 6287927
List the prime factors of 1784528764.
2, 31, 14391361
What are the prime factors of 1239723538?
2, 17, 2333, 15629
List the prime factors of 3137342619.
3, 1951, 536023
List the prime factors of 22144265.
5, 11, 13, 30971
What are the prime factors of 440579714?
2, 19, 11594203
What are the prime factors of 1445937408?
2, 3, 269, 2333
What are the prime factors of 276936474?
2, 3, 241, 191519
What are the prime factors of 82008598?
2, 7, 19, 308303
List the prime factors of 46202916.
2, 3, 29, 103, 1289
What are the prime factors of 1079207685?
3, 5, 17, 470243
What are the prime factors of 4172673752?
2, 13, 19, 2111677
What are the prime factors of 390660919?
11, 19, 1869191
List the prime factors of 98474901.
3, 7, 53, 103, 859
List the prime factors of 26290820.
2, 5, 29, 45329
List the prime factors of 617362086.
2, 3, 11, 31, 27431
What are the prime factors of 3954042076?
2, 2339, 422621
What are the prime factors of 46420559?
107, 353, 1229
What are the prime factors of 101471559?
3, 7, 1307, 3697
What are the prime factors of 2949701741?
7, 2749, 153287
List the prime factors of 178046587.
19, 9370873
What are the prime factors of 2605757903?
7, 43, 67, 129209
What are the prime factors of 150729488?
2, 7, 13, 23, 643
What are the prime factors of 716996084?
2, 7, 19, 53, 